{"id":838,"date":"2018-08-29T20:35:25","date_gmt":"2018-08-29T23:35:25","guid":{"rendered":"https:\/\/eagm-bue.infd.edu.ar\/sitio\/autoridades\/"},"modified":"2025-11-17T20:21:39","modified_gmt":"2025-11-17T23:21:39","slug":"autoridades","status":"publish","type":"page","link":"https:\/\/eagm-bue.infd.edu.ar\/sitio\/autoridades\/","title":{"rendered":"Autoridades"},"content":{"rendered":"<h3 style=\"text-align: center;\">EQUIPO DE CONDUCCI\u00d3N<\/h3>\n<h6><\/h6>\n<p style=\"text-align: center;\"><span style=\"font-family: tahoma, arial, helvetica, sans-serif; font-size: 14pt; color: #339966;\">Directora: Ana L\u00f3pez Muro<\/span><\/p>\n<p style=\"text-align: center;\">direccion@eamad.edu.ar<\/p>\n<p style=\"text-align: center;\"><span style=\"font-family: tahoma, arial, helvetica, sans-serif; font-size: 14pt; color: #339966;\">Regente &#8211; Extensi\u00f3n Villa Gesell: Natalia Ariceta<\/span><\/p>\n<p style=\"text-align: center;\">regente@eamad.edu.ar<\/p>\n<p style=\"text-align: center;\"><span style=\"font-family: tahoma, arial, helvetica, sans-serif; font-size: 14pt;\"><span style=\"color: #339966;\">Secretario: Ignacio Guerrero<\/span><\/span><\/p>\n<p style=\"text-align: center;\">secretaria@eamad.edu.ar<\/p>\n<p style=\"text-align: center;\"><span style=\"font-family: tahoma, arial, helvetica, sans-serif; font-size: 14pt;\"><span style=\"color: #339966;\">Jefas de \u00e1rea: Cecilia Mendy<\/span>\u00a0y <span style=\"color: #339966;\">Alejandra Berrier<\/span><\/span><\/p>\n<p style=\"text-align: center;\">jefasdearea@eamad.edu.ar<\/p>\n","protected":false},"excerpt":{"rendered":"<p>EQUIPO DE CONDUCCI\u00d3N Directora: Ana L\u00f3pez Muro direccion@eamad.edu.ar Regente &#8211; Extensi\u00f3n Villa Gesell: Natalia Ariceta regente@eamad.edu.ar Secretario: Ignacio Guerrero secretaria@eamad.edu.ar Jefas de \u00e1rea: Cecilia Mendy\u00a0y Alejandra Berrier jefasdearea@eamad.edu.ar<\/p>\n","protected":false},"author":88,"featured_media":0,"parent":0,"menu_order":0,"comment_status":"closed","ping_status":"closed","template":"","meta":[],"acf":[],"_links":{"self":[{"href":"https:\/\/eagm-bue.infd.edu.ar\/sitio\/wp-json\/wp\/v2\/pages\/838"}],"collection":[{"href":"https:\/\/eagm-bue.infd.edu.ar\/sitio\/wp-json\/wp\/v2\/pages"}],"about":[{"href":"https:\/\/eagm-bue.infd.edu.ar\/sitio\/wp-json\/wp\/v2\/types\/page"}],"author":[{"embeddable":true,"href":"https:\/\/eagm-bue.infd.edu.ar\/sitio\/wp-json\/wp\/v2\/users\/88"}],"replies":[{"embeddable":true,"href":"https:\/\/eagm-bue.infd.edu.ar\/sitio\/wp-json\/wp\/v2\/comments?post=838"}],"version-history":[{"count":2,"href":"https:\/\/eagm-bue.infd.edu.ar\/sitio\/wp-json\/wp\/v2\/pages\/838\/revisions"}],"predecessor-version":[{"id":1431,"href":"https:\/\/eagm-bue.infd.edu.ar\/sitio\/wp-json\/wp\/v2\/pages\/838\/revisions\/1431"}],"wp:attachment":[{"href":"https:\/\/eagm-bue.infd.edu.ar\/sitio\/wp-json\/wp\/v2\/media?parent=838"}],"curies":[{"name":"wp","href":"https:\/\/api.w.org\/{rel}","templated":true}]}}