{"id":834,"date":"2018-08-29T20:35:23","date_gmt":"2018-08-29T23:35:23","guid":{"rendered":"https:\/\/eagm-bue.infd.edu.ar\/sitio\/datos-institucionales\/"},"modified":"2025-10-27T11:55:06","modified_gmt":"2025-10-27T14:55:06","slug":"datos-institucionales","status":"publish","type":"page","link":"https:\/\/eagm-bue.infd.edu.ar\/sitio\/datos-institucionales\/","title":{"rendered":"Datos institucionales"},"content":{"rendered":"<blockquote>\n<h3><span style=\"color: #000080; font-size: 12pt; font-family: tahoma, arial, helvetica, sans-serif;\"><strong>Escuela de Arte Gral. Madariaga<\/strong><\/span><\/h3>\n<hr \/>\n<p><span style=\"font-family: tahoma, arial, helvetica, sans-serif;\"> <span style=\"font-size: 10pt;\">Horarios de atenci\u00f3n: lunes a viernes de 8 a 20.30 hs<\/span> <\/span><\/p>\n<hr \/>\n<p><span style=\"font-family: tahoma, arial, helvetica, sans-serif;\"> Direcci\u00f3n: Dr. Carlos Madariaga 465 <\/span><\/p>\n<hr \/>\n<p><span style=\"font-family: tahoma, arial, helvetica, sans-serif;\"> Tel\u00e9fono: (02267) 421069 <\/span><\/p>\n<hr \/>\n<p><span style=\"font-family: tahoma, arial, helvetica, sans-serif;\"> E-mail de consultas: <strong>escueladearte1madariaga@abc.gob.ar<\/strong><\/span><\/p>\n<hr \/>\n<p><span style=\"font-family: tahoma, arial, helvetica, sans-serif;\"> URL: http:\/\/eagm.bue.infd.edu.ar\/sitio\/ <\/span><\/p>\n<hr \/>\n<h3><span style=\"color: #000080; font-family: tahoma, arial, helvetica, sans-serif; font-size: 12pt;\"><strong>Escuela de Arte Extensi\u00f3n Villa Gesell<\/strong><\/span><\/h3>\n<hr \/>\n<p><span style=\"font-family: tahoma, arial, helvetica, sans-serif;\"> Horarios de atenci\u00f3n: lunes a viernes de 17.00 a 20.30 hs <\/span><\/p>\n<hr \/>\n<p><span style=\"font-family: tahoma, arial, helvetica, sans-serif;\"> Direcci\u00f3n: Av.10 N\u00ba 2445<\/span><\/p>\n<hr \/>\n<p><span style=\"font-family: tahoma, arial, helvetica, sans-serif;\"> Tel\u00e9fono: (02255) 452974<\/span><\/p>\n<hr \/>\n<p><span style=\"font-family: tahoma, arial, helvetica, sans-serif;\"> E-mail de consultas: <strong>eartevgesell@gmail.com<\/strong><\/span><\/p>\n<hr \/>\n<p><span style=\"font-family: tahoma, arial, helvetica, sans-serif;\"> URL: http:\/\/eagm.bue.infd.edu.ar\/sitio\/<\/span><\/p><\/blockquote>\n","protected":false},"excerpt":{"rendered":"<p>Escuela de Arte Gral. Madariaga Horarios de atenci\u00f3n: lunes a viernes de 8 a 20.30 hs Direcci\u00f3n: Dr. Carlos Madariaga 465 Tel\u00e9fono: (02267) 421069 E-mail de consultas: escueladearte1madariaga@abc.gob.ar URL: http:\/\/eagm.bue.infd.edu.ar\/sitio\/ Escuela de Arte Extensi\u00f3n Villa Gesell Horarios de atenci\u00f3n: lunes a viernes de 17.00 a 20.30 hs Direcci\u00f3n: Av.10 N\u00ba 2445 Tel\u00e9fono: (02255) 452974 E-mail &#8230; <a title=\"Datos institucionales\" class=\"read-more\" href=\"https:\/\/eagm-bue.infd.edu.ar\/sitio\/datos-institucionales\/\" aria-label=\"More on Datos institucionales\">[+]<\/a><\/p>\n","protected":false},"author":88,"featured_media":0,"parent":0,"menu_order":0,"comment_status":"closed","ping_status":"closed","template":"","meta":[],"acf":[],"_links":{"self":[{"href":"https:\/\/eagm-bue.infd.edu.ar\/sitio\/wp-json\/wp\/v2\/pages\/834"}],"collection":[{"href":"https:\/\/eagm-bue.infd.edu.ar\/sitio\/wp-json\/wp\/v2\/pages"}],"about":[{"href":"https:\/\/eagm-bue.infd.edu.ar\/sitio\/wp-json\/wp\/v2\/types\/page"}],"author":[{"embeddable":true,"href":"https:\/\/eagm-bue.infd.edu.ar\/sitio\/wp-json\/wp\/v2\/users\/88"}],"replies":[{"embeddable":true,"href":"https:\/\/eagm-bue.infd.edu.ar\/sitio\/wp-json\/wp\/v2\/comments?post=834"}],"version-history":[{"count":1,"href":"https:\/\/eagm-bue.infd.edu.ar\/sitio\/wp-json\/wp\/v2\/pages\/834\/revisions"}],"predecessor-version":[{"id":1393,"href":"https:\/\/eagm-bue.infd.edu.ar\/sitio\/wp-json\/wp\/v2\/pages\/834\/revisions\/1393"}],"wp:attachment":[{"href":"https:\/\/eagm-bue.infd.edu.ar\/sitio\/wp-json\/wp\/v2\/media?parent=834"}],"curies":[{"name":"wp","href":"https:\/\/api.w.org\/{rel}","templated":true}]}}